ulate the remainder when 5833 is divided by 226.
183
What is the remainder when 18657 is divided by 12?
9
What is the remainder when 13003 is divided by 2165?
13
What is the remainder when 87813 is divided by 12544?
5
Calculate the remainder when 23258 is divided by 1672.
1522
What is the remainder when 308715 is divided by 821?
19
Calculate the remainder when 162399 is divided by 697.
695
Calculate the remainder when 24363 is divided by 330.
273
What is the remainder when 16421 is divided by 432?
5
Calculate the remainder when 73012 is divided by 6637.
5
Calculate the remainder when 24114 is divided by 452.
158
Calculate the remainder when 66120 is divided by 5507.
36
Calculate the remainder when 93861 is divided by 467.
461
Calculate the remainder when 40025 is divided by 6659.
71
What is the remainder when 49492 is divided by 21?
16
Calculate the remainder when 27223 is divided by 44.
31
Calculate the remainder when 13307 is divided by 137.
18
Calculate the remainder when 5247 is divided by 44.
11
What is the remainder when 10587 is divided by 2634?
51
Calculate the remainder when 112573 is divided by 4020.
13
What is the remainder when 7236 is divided by 7220?
16
What is the remainder when 14129 is divided by 281?
79
What is the remainder when 4964 is divided by 357?
323
What is the remainder when 28049 is divided by 2793?
119
Calculate the remainder when 13282 is divided by 226.
174
Calculate the remainder when 295499 is divided by 113.
4
Calculate the remainder when 852 is divided by 74.
38
Calculate the remainder when 112887 is divided by 8061.
33
Calculate the remainder when 633531 is divided by 58.
55
What is the remainder when 184010 is divided by 4599?
50
What is the remainder when 2066 is divided by 207?
203
What is the remainder when 78924 is divided by 276?
264
What is the remainder when 2448 is divided by 416?
368
What is the remainder when 6188 is divided by 6178?
10
What is the remainder when 1185711 is divided by 39?
33
What is the remainder when 760534 is divided by 380263?
8
Calculate the remainder when 29885 is divided by 106.
99
Calculate the remainder when 8660 is divided by 2883.
11
Calculate the remainder when 61311 is divided by 22.
19
Calculate the remainder when 19196 is divided by 9490.
216
What is the remainder when 221 is divided by 23?
14
What is the remainder when 28721 is divided by 18?
11
What is the remainder when 17491 is divided by 283?
228
What is the remainder when 33586 is divided by 168?
154
Calculate the remainder when 5988 is divided by 96.
36
Calculate the remainder when 33181 is divided by 898.
853
Calculate the remainder when 9466 is divided by 1889.
21
What is the remainder when 1866090 is divided by 69114?
12
What is the remainder when 107649 is divided by 204?
141
Calculate the remainder when 662820 is divided by 338.
2
Calculate the remainder when 228665 is divided by 6.
5
What is the remainder when 738065 is divided by 603?
596
What is the remainder when 52793 is divided by 621?
8
Calculate the remainder when 241939 is divided by 123.
121
What is the remainder when 4432 is divided by 134?
10
What is the remainder when 6822 is divided by 6817?
5
Calculate the remainder when 10749 is divided by 2148.
9
Calculate the remainder when 1992 is divided by 66.
12
What is the remainder when 1399 is divided by 1178?
221
What is the remainder when 7531 is divided by 116?
107
Calculate the remainder when 1150 is divided by 271.
66
What is the remainder when 2354 is divided by 19?
17
What is the remainder when 1229220 is divided by 409738?
6
Calculate the remainder when 40171 is divided by 166.
165
What is the remainder when 83658 is divided by 445?
443
What is the remainder when 4897 is divided by 44?
13
Calculate the remainder when 9854 is divided by 159.
155
What is the remainder when 145501 is divided by 539?
510
Calculate the remainder when 701044 is divided by 517.
509
Calculate the remainder when 1556740 is divided by 618.
616
Calculate the remainder when 637 is divided by 157.
9
What is the remainder when 66852 is divided by 1671?
12
What is the remainder when 22696 is divided by 223?
173
Calculate the remainder when 3828 is divided by 230.
148
What is the remainder when 156946 is divided by 319?
317
What is the remainder when 152143 is divided by 1463?
1454
What is the remainder when 2270 is divided by 683?
221
Calculate the remainder when 21291 is divided by 2866.
1229
Calculate the remainder when 4347 is divided by 1489.
1369
What is the remainder when 9146 is divided by 3038?
32
Calculate the remainder when 3140 is divided by 1044.
8
Calculate the remainder when 36909 is divided by 15.
9
What is the remainder when 2579 is divided by 1906?
673
Calculate the remainder when 170551 is divided by 163.
53
What is the remainder when 79199 is divided by 25?
24
What is the remainder when 15431 is divided by 514?
11
What is the remainder when 31550 is divided by 227?
224
What is the remainder when 88536 is divided by 894?
30
What is the remainder when 2530 is divided by 386?
214
What is the remainder when 2397 is divided by 2041?
356
What is the remainder when 1396927 is divided by 598?
597
Calculate the remainder when 3170 is divided by 4.
2
Calculate the remainder when 30142 is divided by 87.
40
Calculate the remainder when 1985382 is divided by 328.
326
What is the remainder when 38793 is divided by 539?
524
Calculate the remainder when 82856 is divided by 30.
26
Calculate the remainder when 99403 is divided by 304.
299
What is the remainder when 193 is divided by 10?
3
What is the remainder when 341407 is divided by 56901?
1
What is the remainder when 7434 is divided by 3713?
8
What is the remainder when 4130 is divided by 1028?
18
What is the remainder when 2181 is divided by 58?
35
Calculate the remainder when 27637 is divided by 128.
117
What is the remainder when 2157979 is divided by 748?
747
What is the remainder when 29681 is divided by 27?
8
Calculate the remainder when 125983 is divided by 125976.
7
Calculate the remainder when 138202 is divided by 132.
130
What is the remainder when 6979 is divided by 39?
37
Calculate the remainder when 37741 is divided by 28.
25
What is the remainder when 1498638 is divided by 149?
145
Calculate the remainder when 17373 is divided by 119.
118
What is the remainder when 391929 is divided by 36?
33
Calculate the remainder when 86301 is divided by 87.
84
Calculate the remainder when 3181 is divided by 229.
204
What is the remainder when 2300 is divided by 94?
44
What is the remainder when 13259 is divided by 2647?
24
Calculate the remainder when 72850 is divided by 56.
50
Calculate the remainder when 10230 is divided by 850.
30
Calculate the remainder when 8971 is divided by 273.
235
What is the remainder when 89561 is divided by 338?
329
Calculate the remainder when 8291 is divided by 592.
3
Calculate the remainder when 739 is divided by 34.
25
What is the remainder when 41614 is divided by 107?
98
What is the remainder when 1294175 is divided by 51?
50
What is the remainder when 17938 is divided by 182?
102
Calculate the remainder when 1272865 is divided by 19.
17
Calculate the remainder when 6446 is divided by 322.
6
Calculate the remainder when 6177 is divided by 62.
39
Calculate the remainder when 30078 is divided by 2734.
4
Calculate the remainder when 3474 is divided by 1483.
508
What is the remainder when 218953 is divided by 67?
64
Calculate the remainder when 489867 is divided by 32.
11
What is the remainder when 50952 is divided by 237?
234
What is the remainder when 11281 is divided by 3752?
25
Calculate the remainder when 10535 is divided by 673.
440
What is the remainder when 156895 is divided by 1743?
25
What is the remainder when 28551 is divided by 170?
161
What is the remainder when 23563 is divided by 5592?
1195
Calculate the remainder when 44333 is divided by 8.
5
Calculate the remainder when 63674 is divided by 283.
282
What is the remainder when 18599 is divided by 733?
274
Calculate the remainder when 14871 is divided by 346.
339
What is the remainder when 14414 is divided by 19?
12
Calculate the remainder when 8264 is divided by 435.
434
Calculate the remainder when 109934 is divided by 99.
44
What is the remainder when 7256 is di